) + (-21)/(-56). Let c be (-4)/o*(99 - -16). Let z = -44 + c. What is the units digit of z?
8
Suppose 3 = -2*y + 19. Let z(g) = 5*g - 2. Let m be z(y). Suppose 0*x - 5*q - 48 = -2*x, x - m = -q. What is the units digit of x?
4
Let h be (-667)/(-115) + 8/(-10). What is the units digit of (3/(-4))/((0 + h)/(-1780))?
7
Let s = 71 + -56. Suppose -i + 4*i - s = 0. Suppose q - 2*z - 74 = 12, i*q + z = 485. What is the units digit of q?
6
Suppose 0 = -9*k + 41 + 4. Suppose 2*m = k*o + 373, 11*m + 4*o = 9*m + 382. What is the units digit of m?
9
Suppose 4*y - p - 23 = 0, -3*p - 2*p - 7 = -2*y. What is the units digit of 32985/30 + y/4?
1
Suppose 0 = 26*f - 214508 - 38576. What is the tens digit of f?
3
Let d(q) = q**3 + 14*q**2 + 25*q + 4. Let m be d(-12). What is the thousands digit of (m - 92)*(-11 - -1)?
1
What is the units digit of (-24 - 4256/(-176)) + 25164/22?
4
Suppose -5*h = 4*a - 689 + 4613, -3138 = 4*h + 2*a. Let b = -471 - h. Suppose 5*y - 429 = d, -d - 30 = -4*y + b. What is the units digit of y?
6
Suppose 12*d - 8*d = 2*c + 448, 4*c + 8 = 0. Suppose -3*v + d = -918. What is the hundreds digit of v?
3
What is the tens digit of ((4 - 40/35) + (-14)/(-98))*15513?
3
Let f(c) = -1523*c**3 - 2*c**2 + 80*c + 229. What is the thousands digit of f(-3)?
1
Let a = -7765 - -9929. What is the tens digit of a?
6
Let t = 635 - 580. Suppose -2*j + j + 28 = 0. Let f = t - j. What is the tens digit of f?
2
Let t(o) = -9*o - 12. Let r be 4/12*-2*-9. Let d(g) = 10*g + 13. Let h(a) = r*d(a) + 7*t(a). What is the units digit of h(-3)?
3
Let v = 60 - 52. What is the tens digit of 684 + -7 + 0 + v/2?
8
Let k = 121 + -67. Let h be (-8)/36 + 3/(k/2920). Suppose -2*t = -h - 2. What is the tens digit of t?
8
Let s = 71309 - 22307. What is the ten thousands digit of s?
4
Suppose 5*m - 928 = 577. Let g = 593 - 591. Suppose -3*s + 15 = 0, 2*s + s - m = -g*u. What is the tens digit of u?
4
Suppose -12 = -3*z + 3. Let l be ((-17)/30 + z/30)*-10. What is the units digit of (-500)/15*(-6)/l?
0
Let h(b) = b**2 - 21*b - 11. Let i(c) = -c**2 + 21*c + 11. Let y(p) = -6*h(p) - 7*i(p). Let o be y(21). What is the units digit of ((-11)/(-4))/(o/(-44))?
1
What is the thousands digit of ((-2)/5 + 155/(-50))/((-5)/78410)?
4
Suppose 5*w - 2845 - 13242 = -r, 0 = -5*r + 4*w + 80493. What is the units digit of r?
7
Suppose 2*n + 45 = 17. What is the hundreds digit of ((-28080)/n)/4 - 57/133?
5
Let h(s) = -2*s**3 - 13*s**2 - 22*s + 1. Let k be (-8)/(64/88) - -1*5. What is the tens digit of h(k)?
9
Let p = -138 - -137. Let q = 121 + p. What is the hundreds digit of q?
1
What is the units digit of -4485*(9*(-77)/(-105) + -7)?
4
Let q(z) = z**3 + 14*z**2 - 9*z + 15. Let l = -70 - -61. What is the units digit of q(l)?
1
Suppose -2*g - 7*a + 10122 = -40256, -125891 = -5*g - 4*a. What is the thousands digit of g?
5
What is the hundreds digit of -3*((-36)/6)/(-54)*(-36 - 122103)?
7
Suppose 7410 = 27*g + 11*g. Let m = 4 + -2. Suppose -2*c - 2*l = -78, -m*c + g = 3*c - 3*l. What is the tens digit of c?
3
Let f(o) = 12*o**2 - 104*o - 226. What is the ten thousands digit of f(-68)?
6
Let f(c) = 2*c + 17. Suppose 12*u + 21 = 9*u. Let b be f(u). Suppose 2*t + 165 = b*h, -5*t + 2 = 17. What is the tens digit of h?
5
Let r(l) = l. Let q(g) = -g. Let z(p) = -4*q(p) - 5*r(p). Let b(w) = w**2 + 1. Let u(o) = 4*b(o) - 3*z(o). What is the hundreds digit of u(-6)?
1
Let i = 129 - -34. Suppose s = 297 + i. Suppose l - s = -4*l + 5*q, 5*l - 462 = 4*q. What is the tens digit of l?
9
Let k(g) = 11*g - 203. Let p(o) = -o - 6. Let w(v) = -k(v) + 6*p(v). What is the hundreds digit of w(-6)?
2
Let x(s) = -44*s - 3. Suppose -2*u - t - 7 = 0, 4*u = 5*u + 3*t + 11. Let d be 4*(-1)/(-2) + u + -2. What is the units digit of x(d)?
5
Let h = 267 + -218. What is the tens digit of ((-4)/7)/2 - (-60970)/h?
4
What is the hundreds digit of 6/(-30) - (3 - ((-80216)/(-5) + 0))?
0
What is the units digit of -8*(-290)/80*1068?
2
Let d(x) = -4*x - 3. Let n be d(-2). Suppose 0 = -2*o + 9*u - 6*u + 231, 2*u + 561 = n*o. What is the hundreds digit of o?
1
Suppose 5*i + 2*z + 21129 = 100267, 5*i - 5*z - 79110 = 0. What is the ten thousands digit of i?
1
Let i be 5/((-10)/(-4))*-6. Let z(d) = -d**3 + 4*d**2 - 2*d + 4. Let h be z(4). Let a = h - i. What is the units digit of a?
8
Let l be 6/(-10) + 4/(-10). Suppose -4*y + 118 - 110 = -t, 2*y = -2*t - 16. What is the units digit of (l - t) + (-1 - (9 - 8))?
5
Suppose 15*v - 158773 + 39868 = 0. What is the hundreds digit of v?
9
Suppose l - n - 1 = 0, 0*l + n = 3*l + 5. Let m be l/2 + -283*(-3)/(-6). Let b = m + 275. What is the hundreds digit of b?
1
What is the thousands digit of 21838 + -2 + -2 + 0/10?
1
Let w = -13 - -90. Let d = w - -364. What is the hundreds digit of d?
4
Let i be 4/((-84)/(-3)) + (-1)/7. Suppose 10*j - 1213 = -c + 11*j, i = 4*j + 16. What is the thousands digit of c?
1
Let f = -35404 + 64329. What is the hundreds digit of f?
9
Let u be 1/(-4) + 154/8. Let m = 13 - u. What is the tens digit of 928/48*m/(-4)?
2
Suppose s - 8*x - 36 = -11*x, -2*x = -4*s + 60. What is the tens digit of s?
1
Suppose 2*d - 26 = 4*x, -2*d + 12 = -x - 20. Suppose -10*u - 2009 = -d*u. What is the hundreds digit of u?
2
Let m = -14 + -30. Let d = m - -44. Suppose -f + 2*g - 3*g + 22 = 0, 5*f + 4*g - 109 = d. What is the tens digit of f?
2
Suppose -2*i + 12 = -2*v, 6*i + 2*v - 9 = i. Suppose -3*d + 5*w - 127 = -947, -790 = -i*d - w. What is the tens digit of d?
6
Let x(c) = 5*c. Let d be x(0). Suppose d = 13*s - 1407 - 3897. What is the units digit of s?
8
Let h(z) = z**3 + 7*z**2 - z - 6. Let l be h(-7). Suppose 5*m - 9 = s, -s + l + 0 = 0. Suppose 0 = -4*q + m*q + 28. What is the units digit of q?
4
Let c = -6302 + 23148. What is the thousands digit of c?
6
Let j(v) be the third derivative of 11*v**6/60 + v**5/30 + v**4/8 + 5*v**3/6 + 16*v**2. Let y be j(-2). Let q = -111 - y. What is the tens digit of q?
5
Let v(g) = 24*g**3 + 32*g**2 - 202*g + 25. What is the thousands digit of v(9)?
8
Let w = -68 + 63. Let s be 1534/6 - 3/45*w. Let z = s - 128. What is the tens digit of z?
2
Let p be 2/(-3)*6*(-18)/24. Suppose -16*u + 84 = -12*u. Suppose 4*s = 0, -p = 3*j + s - u. What is the units digit of j?
6
Suppose 145*h - 3056965 = 2160849 + 4706421. What is the ten thousands digit of h?
6
Let h(q) = -64*q - 361. Suppose 0 = 192*l - 190*l + 38. What is the hundreds digit of h(l)?
8
Let j(f) = 276*f**2 + 113*f + 1039. What is the tens digit of j(-10)?
0
Suppose -8 = -4*a - 112. Let l be a/52*25*-18. Suppose 2*s = -3*s + l. What is the tens digit of s?
4
Let m(d) = 12*d - 162. Let k be m(14). Let w(x) = 27*x - 37. Let p(t) = -13*t + 19. Let s(f) = 7*p(f) + 4*w(f). What is the tens digit of s(k)?
8
Let m be (-6)/(-20) + 189/70. Suppose -8*d - 4*n = -10*d + 424, 5*d = m*n + 1067. What is the tens digit of d?
1
Suppose -5*u - 15 + 90 = 0. Suppose -25 + u = -2*i. Suppose i*a - 94 = 4*l, a - 1 = 3*l + 20. What is the tens digit of a?
1
Let c be (-20)/((-1)/(-1)*-2). Let z(q) be the first derivative of q**3/3 + 5*q**2/2 + 36*q - 28. What is the units digit of z(c)?
6
Let x be 1516/(-6) + (-4)/(-6). Suppose 5*q + 3*v = -2386, -5*v - 473 = q - 3*v. Let w = x - q. What is the hundreds digit of w?
2
Suppose -9*t + 4*t + 13756 = 3*p, 3*p - 13736 = -t. What is the tens digit of p?
7
Let s(i) = i**3 - 9*i**2 + 8*i + 6. Suppose -9 + 97 = 11*z. Let r be s(z). Suppose 470 + 208 = r*n. What is the tens digit of n?
1
Suppose 2*b = 3*p, -4*p - 4*b + 23 = b. Let d be ((1 - -2) + 8/p)/1. Suppose 11*g - d*g - 1063 = -u, 252 = g + 3*u. What is the tens digit of g?
6
Let r(g) = 236*g + 21. Let c(l) = 117*l + 11. Let w(a) = -7*c(a) + 4*r(a). What is the hundreds digit of w(1)?
1
Let h(n) be the third derivative of -n**5/60 + 3*n**4/4 + 29*n**3/6 + 3*n**2. Let g be h(11). Let f = g - 87. What is the tens digit of f?
1
Let b be (-110)/2 - (-1 + (-3)/3). Let z = -33 - b. Suppose 0 = z*a - 15*a - 830. What is the hundreds digit of a?
1
Let p(c) = 254*c - 49. Let q be p(6). Let g = q + -848. What is the hundreds digit of g?
6
What is the units digit of (-234)/8541 - 108480/(-73)?
6
Let c(a) = 3*a**2 - 3*a - 29. Let y be c(-4). Suppose 43 = y*l - 30*l. What is the units digit of l?
3
Let l be (11492/(-13))/(4/14). What is the 